{"id":867,"date":"2012-12-09T11:58:11","date_gmt":"2012-12-09T10:58:11","guid":{"rendered":"http:\/\/verdouble.com\/?page_id=867"},"modified":"2014-05-29T10:21:23","modified_gmt":"2014-05-29T08:21:23","slug":"le-gout-du-vin","status":"publish","type":"page","link":"https:\/\/verdouble.com\/?page_id=867","title":{"rendered":"La v\u00e9rit\u00e9 du go\u00fbt"},"content":{"rendered":"<p><iframe loading=\"lazy\" title=\"Nicolas Joly d\u00e9nonce le mensonge des levures\" width=\"660\" height=\"495\" src=\"https:\/\/www.youtube.com\/embed\/OINMmISZ4Fs?start=3&#038;feature=oembed\" frameborder=\"0\" allow=\"accelerometer; autoplay; clipboard-write; encrypted-media; gyroscope; picture-in-picture; web-share\" referrerpolicy=\"strict-origin-when-cross-origin\" allowfullscreen><\/iframe><\/p>\n<p>&nbsp;<\/p>\n","protected":false},"excerpt":{"rendered":"<p>&nbsp;<\/p>\n","protected":false},"author":1,"featured_media":0,"parent":90,"menu_order":0,"comment_status":"closed","ping_status":"open","template":"","meta":{"_exactmetrics_skip_tracking":false,"_exactmetrics_sitenote_active":false,"_exactmetrics_sitenote_note":"","_exactmetrics_sitenote_category":0,"footnotes":""},"class_list":["post-867","page","type-page","status-publish","hentry","column","threecol"],"_links":{"self":[{"href":"https:\/\/verdouble.com\/index.php?rest_route=\/wp\/v2\/pages\/867","targetHints":{"allow":["GET"]}}],"collection":[{"href":"https:\/\/verdouble.com\/index.php?rest_route=\/wp\/v2\/pages"}],"about":[{"href":"https:\/\/verdouble.com\/index.php?rest_route=\/wp\/v2\/types\/page"}],"author":[{"embeddable":true,"href":"https:\/\/verdouble.com\/index.php?rest_route=\/wp\/v2\/users\/1"}],"replies":[{"embeddable":true,"href":"https:\/\/verdouble.com\/index.php?rest_route=%2Fwp%2Fv2%2Fcomments&post=867"}],"version-history":[{"count":10,"href":"https:\/\/verdouble.com\/index.php?rest_route=\/wp\/v2\/pages\/867\/revisions"}],"predecessor-version":[{"id":2332,"href":"https:\/\/verdouble.com\/index.php?rest_route=\/wp\/v2\/pages\/867\/revisions\/2332"}],"up":[{"embeddable":true,"href":"https:\/\/verdouble.com\/index.php?rest_route=\/wp\/v2\/pages\/90"}],"wp:attachment":[{"href":"https:\/\/verdouble.com\/index.php?rest_route=%2Fwp%2Fv2%2Fmedia&parent=867"}],"curies":[{"name":"wp","href":"https:\/\/api.w.org\/{rel}","templated":true}]}}