{"id":247,"date":"2012-12-01T17:40:30","date_gmt":"2012-12-01T16:40:30","guid":{"rendered":"http:\/\/verdouble.com\/?page_id=247"},"modified":"2023-06-03T10:45:41","modified_gmt":"2023-06-03T08:45:41","slug":"le-conteur","status":"publish","type":"page","link":"https:\/\/verdouble.com\/?page_id=247","title":{"rendered":"Le conteur"},"content":{"rendered":"<p><a href=\"http:\/\/verdouble.com\/?page_id=277\"><img loading=\"lazy\" decoding=\"async\" class=\"alignleft\" style=\"margin-left: 10px; margin-right: 10px;\" title=\"313930_285368858236715_1596530141_n\" src=\"http:\/\/verdouble.com\/wp-content\/uploads\/2012\/12\/313930_285368858236715_1596530141_n-213x300.jpg\" alt=\"\" width=\"213\" height=\"300\" \/><\/a><\/p>\n<p style=\"text-align: right;\">\u00ab\u00a0&#8230; \u00a0<em>Je vis \u00e0 mille lieues des brouillards parisiens, sur une colline lumineuse, dans le pays des tambourins et du vin muscat. Autour de chez moi tout n&rsquo;est que soleil et musique ; j&rsquo;ai des orchestres de culs-blancs, des orph\u00e9ons de m\u00e9sanges ; le matin, les courlis qui font : \u201c Coureli ! coureli ! \u201d, \u00e0 midi, les cigales ; puis les p\u00e2tres qui jouent du fifre, et les belles filles brunes qu&rsquo;on entend rire dans les vignes&#8230; En v\u00e9rit\u00e9, l&rsquo;endroit est mal choisi pour broyer du noir &#8230;<\/em><\/p>\n<p style=\"text-align: right;\"><em>\u00ab\u00a0<\/em><em>\u00a0La l\u00e9gende de l&rsquo;Homme \u00e0 la cervelle d&rsquo;or,\u00a0<\/em><em>Les Lettres de mon Moulin, A. Daudet<\/em><\/p>\n<h4 style=\"text-align: right;\">\u00a0 \u00a0 \u00a0 \u00a0 \u00a0 \u00a0 \u00a0 \u00a0 \u00a0 \u00a0 \u00a0 \u00a0 \u00a0 \u00a0 \u00a0 \u00a0 \u00a0 \u00a0 \u00a0 \u00a0 \u00a0 \u00a0 \u00a0 \u00a0 \u00a0 \u00a0 \u00a0 \u00a0 \u00a0 \u00a0<span style=\"color: #003300;\"> <a style=\"color: #003300;\" href=\"http:\/\/verdouble.com\/?page_id=477\"><strong>Mon parcours &#8230;<\/strong><\/a><\/span><\/h4>\n<address>\u00a0<\/address>\n<address>\u00a0<\/address>\n<address>\u00a0<\/address>\n<address>\u00a0<\/address>\n<address>\u00a0<\/address>\n<address>\u00a0<\/address>\n<address><span style=\"font-style: normal;\">\u00a0<\/span><\/address>\n","protected":false},"excerpt":{"rendered":"<p>\u00ab\u00a0&#8230; \u00a0Je vis \u00e0 mille lieues des brouillards parisiens, sur une colline lumineuse, dans le pays des tambourins et du vin muscat. Autour de chez moi tout n&rsquo;est que soleil et musique ; j&rsquo;ai des orchestres de culs-blancs, des orph\u00e9ons de m\u00e9sanges ; le matin, les courlis qui font : &#8230;<\/p>\n","protected":false},"author":1,"featured_media":0,"parent":0,"menu_order":4,"comment_status":"closed","ping_status":"closed","template":"","meta":{"_exactmetrics_skip_tracking":false,"_exactmetrics_sitenote_active":false,"_exactmetrics_sitenote_note":"","_exactmetrics_sitenote_category":0,"footnotes":""},"class_list":["post-247","page","type-page","status-publish","hentry","column","threecol"],"_links":{"self":[{"href":"https:\/\/verdouble.com\/index.php?rest_route=\/wp\/v2\/pages\/247","targetHints":{"allow":["GET"]}}],"collection":[{"href":"https:\/\/verdouble.com\/index.php?rest_route=\/wp\/v2\/pages"}],"about":[{"href":"https:\/\/verdouble.com\/index.php?rest_route=\/wp\/v2\/types\/page"}],"author":[{"embeddable":true,"href":"https:\/\/verdouble.com\/index.php?rest_route=\/wp\/v2\/users\/1"}],"replies":[{"embeddable":true,"href":"https:\/\/verdouble.com\/index.php?rest_route=%2Fwp%2Fv2%2Fcomments&post=247"}],"version-history":[{"count":48,"href":"https:\/\/verdouble.com\/index.php?rest_route=\/wp\/v2\/pages\/247\/revisions"}],"predecessor-version":[{"id":3713,"href":"https:\/\/verdouble.com\/index.php?rest_route=\/wp\/v2\/pages\/247\/revisions\/3713"}],"wp:attachment":[{"href":"https:\/\/verdouble.com\/index.php?rest_route=%2Fwp%2Fv2%2Fmedia&parent=247"}],"curies":[{"name":"wp","href":"https:\/\/api.w.org\/{rel}","templated":true}]}}